 common factor of x and 63?
63
Suppose 3*z + 2*j - 52 = 0, -3*z + 9 + 31 = -4*j. Suppose 29 = 8*w - 1379. Calculate the greatest common divisor of z and w.
16
Let h = -1077 - -2881. Calculate the highest common factor of 242 and h.
22
Suppose -2*f + 285 = -5*f. Let q = 104 + f. Let m(p) = 3*p**2 - 25*p + 4. Let r be m(q). Calculate the highest common divisor of r and 4.
2
Let t be (-4)/4*((-8)/28 + 6424/(-7)). What is the greatest common divisor of t and 108?
54
Let t(f) = -103*f + 748. Let m be t(7). Let l be (-8*1)/2 - (4 + -287). Calculate the highest common divisor of m and l.
9
Let f(t) = -t**2 + 17*t + 60. Let z be f(17). Calculate the highest common divisor of 57 and z.
3
Let v = 148 + -34. Calculate the greatest common divisor of v and 15.
3
Suppose 2*x = 3*n + 5, 0 = -n - 4*x + 13 + 4. Suppose -j + 9 = n. Let w be (-27)/(-2) + (1 - 4/j). Calculate the highest common factor of 2 and w.
2
Let p(n) = 5 - 3*n**3 + n + 10*n**3 + n**2 - 8*n**3. Let q be p(0). Let m be (1 - q/2)*12/(-9). What is the highest common factor of 18 and m?
2
Suppose 3241 + 2277 = d - 3*y, -5*d - y = -27702. What is the greatest common factor of 87 and d?
29
Let b be (1/2 - 2)*(-74448)/216. Let a = 520 - b. Calculate the greatest common divisor of 19 and a.
1
Suppose 3*h - j = 641, -63*j = h - 64*j - 211. Calculate the highest common factor of 344 and h.
43
Let z = -639 + 911. Suppose 128 + z = 10*n. What is the highest common factor of 190 and n?
10
Suppose c + 13 = 16. Suppose 4*t - 882 = o + o, c*t + 2*o = 665. What is the highest common factor of 17 and t?
17
Let h(z) = -z + 22. Let q be h(20). Suppose 0 = 3*r + 6, 0 = -2*s - q*r + r + 556. Calculate the greatest common divisor of 31 and s.
31
Suppose 709*p = 712*p + 6, 3*w - 4*p - 1856 = 0. What is the highest common factor of w and 572?
44
Let y = -3737 - -3759. Calculate the highest common divisor of y and 2398.
22
Let c = 407 - 637. Let h = -190 - c. What is the highest common factor of 50 and h?
10
Let z be 4/(-6)*-3*4837/(-14). Let l = z + 829. What is the greatest common factor of 69 and l?
69
Let l be 692/865*(-9170)/(-4). What is the highest common factor of 1048 and l?
262
Let f(v) = v + 20. Let g be f(-18). Let b = 1215 + -1141. What is the highest common factor of b and g?
2
Let o(b) = 134*b + 280. Let y be o(-2). What is the highest common divisor of 282 and y?
6
Suppose 177 = -4*y - 5*q + 427, 4*y - 2*q - 264 = 0. What is the highest common factor of 39 and y?
13
Let l be (720/(-14))/(5 - 296/56). Calculate the highest common divisor of l and 15240.
60
Let a be 1688/(-13) + (-78)/507. Let k = a + 172. What is the greatest common factor of 140 and k?
14
Let c(i) = -9*i - 3. Let h be c(-3). Let k = 261 + -153. Suppose 0 = -14*t + 5*t + k. What is the highest common factor of h and t?
12
Suppose 81*v - 78*v + 21 = 0, 4*t - 3*v = 125. What is the greatest common factor of 5122 and t?
26
Suppose -2*q - 177 + 158 = -5*f, -2*f + 4 = -q. Suppose -2*i + 49 = -35. Calculate the greatest common divisor of i and q.
6
Let y(h) = 1265*h + 3989. Let b be y(-3). Calculate the greatest common divisor of b and 3589.
97
Let w be -8 + 7 + 12/3. Suppose 0 = w*a - 7*a + 3*a. Suppose a = 7*r - 43 + 36. What is the greatest common factor of r and 7?
1
Let b be -32*((-1206)/(-268) - 10/1). Calculate the greatest common divisor of 2728 and b.
88
Let x = 19 - 11. Let n(s) = 668*s + 24108. Let b be n(-36). What is the greatest common divisor of x and b?
4
Suppose -5*o = 2*k - 1526, 0 = -2*o - 3*k + 23 + 583. Let p(l) = -3*l**2 - 146*l - 217. Let f be p(-47). Calculate the greatest common divisor of o and f.
18
Let x be ((-254)/5)/(8*4/(-320)). What is the greatest common divisor of 12 and x?
4
Let b be (-22 + 2)*4*3/12. Let x be 12/b + (-24)/10*26. Let i be ((-2)/3)/(317/x - -5). Calculate the highest common divisor of i and 63.
21
Suppose 3*i = -4*k + 10 - 4, 19 = -5*i + 3*k. Let t be (2 - -9) + (9 + -14 - i). What is the highest common divisor of 320 and t?
8
Let j = -2070 - -3334. Calculate the greatest common factor of 80 and j.
16
Suppose -5*z + 59 - 69 = 0. Let b(d) = 16*d**2 + 3*d + 2. Let i be b(z). What is the greatest common divisor of 20 and i?
20
Suppose 6*v - 753 = -321. Suppose 1577 = 15*t - 943. Calculate the greatest common divisor of t and v.
24
Suppose -2*g = 3*o - 27, -o - 65 - 11 = -5*g. What is the highest common divisor of g and 7185?
15
Let o = -1 - -38. Suppose -15*t - 128 = -7*t. Let i = t + o. What is the greatest common factor of i and 105?
21
Let t(d) = 6617*d + 10. Let n be t(1). Suppose -7*z + n = 40*z. What is the greatest common factor of 47 and z?
47
Let i(l) be the third derivative of -l**4/6 - 17*l**3/6 + 28*l**2. Let c be i(7). Let g = c - -61. Calculate the greatest common factor of g and 12.
4
Suppose 3*u - 3*n = 1671, 5*u = 7*u - n - 1118. What is the highest common divisor of 627 and u?
33
Let w(q) = -4*q + 4. Let z(s) = -s + 1. Let l(y) = w(y) - 5*z(y). Let f be l(5). Let m be (1 + 41)*(-2)/f*-5. What is the greatest common factor of m and 21?
21
Let f(v) = -10*v - 13. Let s be f(-4). Suppose 115 = 4*k + s. What is the highest common factor of 55 and k?
11
Suppose 28*p - 459 - 211 = 170. Calculate the greatest common factor of 9465 and p.
15
Let z be 1/(-12)*-8*(38 - -7). Let b = -1 + 7. Calculate the greatest common factor of b and z.
6
Let f = -16770 + 20035. Calculate the greatest common factor of 5 and f.
5
Suppose 19012 = 4887*r - 4859*r. What is the greatest common divisor of r and 14?
7
Let y(b) = -b**3 + 20*b**2 + 24*b - 39. Let f = 275 + -254. Let a be y(f). Let l = -47 - -71. What is the highest common factor of a and l?
24
Suppose 106*j + 560 = 113*j. Calculate the greatest common factor of j and 70.
10
Let h be 23625 + (2*3/(-2))/((-252)/(-420)). What is the greatest common factor of 40 and h?
20
Suppose 666*s - 32085674 = -6448004. Calculate the greatest common divisor of s and 5.
5
Suppose -5*g + h = -444 - 12440, 3*g - h - 7732 = 0. What is the highest common divisor of 1771 and g?
161
Let j(m) = 3*m**2 + 67*m + 44. Let d be j(-23). Suppose q - 70 = -5*n, 19 = 4*n - 1. Calculate the highest common divisor of q and d.
45
Suppose d + 5*p - 203 = 0, d + 2*p = 11 + 189. What is the highest common divisor of 3498 and d?
66
Let o(r) = 31*r - 729. Let y be o(27). What is the highest common factor of 2 and y?
2
Suppose 0 = 4*i + 20, -2*w + 0*w + 2*i + 24 = 0. Suppose -63*q + 2898 = -95*q + 50*q. What is the highest common factor of w and q?
7
Suppose -12 = -4*a + a. Suppose -a*j - 290 = j - 4*p, -p + 290 = -5*j. Let i = -40 - j. What is the greatest common divisor of 90 and i?
18
Suppose 16*c = 6*c + 1610. Calculate the greatest common factor of c and 184.
23
Let u = 3334 - 1970. Let d = -349 + 393. Calculate the highest common factor of u and d.
44
Let n(j) = 400*j + 7212. Let f be n(-18). Suppose -5*y = 38 - 188. What is the highest common factor of f and y?
6
Let l(g) = -11*g - 36. Let u(j) = 27*j + 72. Let q(s) = 11*l(s) + 6*u(s). Let h be q(4). Calculate the highest common divisor of h and 8.
8
Let f(k) = -12*k + 1327. Let v be f(32). What is the highest common factor of 46 and v?
23
Let m = 105 + -77. Suppose 2*r + m = 3*r - 2*t, -4*t + 160 = 4*r. Calculate the greatest common divisor of r and 288.
36
Suppose -5*s + 32 - 22 = 0. Suppose 5*u - 23 = 3*d, 4*d - 5 = -s*u - 1. Suppose -q = -u*q - 5*r + 268, r = -1. What is the highest common divisor of q and 13?
13
Let y = 35300 - 35052. Calculate the greatest common factor of y and 527.
31
Let i(k) = -46*k**2 - k - 1. Let j be i(-1). Let r = 45 + j. Let m be (-35)/r - (0 + 4). Calculate the highest common divisor of 62 and m.
31
Let t(s) = s**3 + 20*s**2 - 77*s - 8. Let l be t(4). Calculate the highest common divisor of l and 2516.
68
Suppose -43151 = 50*n - 322601. Calculate the highest common factor of 23 and n.
23
Let o be 0/(((-36)/(-3))/(-12)) + 10919. What is the greatest common factor of o and 61?
61
Suppose -24*z = -35*z + 107*z - 2304. Calculate the greatest common divisor of z and 4152.
24
Suppose 3*m + 7983 = 5*r, -r - 3*m + 912 = -663. Calculate the greatest common divisor of 590 and r.
59
Let i = -9483 + 10588. What is the greatest common divisor of 455 and i?
65
Let u(q) = 33*q**2 - 22*q + 213. Let a be u(6